91, 42089
List the prime factors of 7849532.
2, 23, 41, 2081
What are the prime factors of 13247026?
2, 13, 29, 17569
What are the prime factors of 239553?
3, 43, 619
What are the prime factors of 73524?
2, 3, 11, 557
List the prime factors of 229845.
3, 5, 7, 11, 199
List the prime factors of 8948576.
2, 7, 13, 439
List the prime factors of 1409749.
11, 128159
What are the prime factors of 18084?
2, 3, 11, 137
What are the prime factors of 180730?
2, 5, 11, 31, 53
What are the prime factors of 14743843?
947, 15569
List the prime factors of 287206.
2, 163, 881
List the prime factors of 21269638.
2, 13, 233, 3511
List the prime factors of 2446611.
3, 19, 42923
What are the prime factors of 2193156?
2, 3, 7, 967
What are the prime factors of 5923039?
61, 89, 1091
List the prime factors of 2288938.
2, 149, 7681
What are the prime factors of 239837?
13, 19, 971
List the prime factors of 4132753.
751, 5503
What are the prime factors of 582675?
3, 5, 17, 457
List the prime factors of 11182963.
11, 19, 53507
What are the prime factors of 727430?
2, 5, 11, 17, 389
What are the prime factors of 3092838?
2, 3, 7, 211, 349
What are the prime factors of 3100543?
41, 47, 1609
What are the prime factors of 1439500?
2, 5, 2879
What are the prime factors of 9430305?
3, 5, 628687
List the prime factors of 774295.
5, 23, 6733
List the prime factors of 7767960.
2, 3, 5, 19, 3407
What are the prime factors of 1061724?
2, 3, 103, 859
What are the prime factors of 5902961?
17, 347233
What are the prime factors of 2098903?
2098903
What are the prime factors of 23284?
2, 5821
List the prime factors of 14291.
31, 461
List the prime factors of 7866.
2, 3, 19, 23
What are the prime factors of 310279?
31, 10009
What are the prime factors of 851244?
2, 3, 70937
List the prime factors of 2271991.
43, 52837
List the prime factors of 3035723.
3035723
What are the prime factors of 1943664?
2, 3, 40493
List the prime factors of 733735.
5, 257, 571
List the prime factors of 87251.
87251
What are the prime factors of 4559258?
2, 11, 207239
What are the prime factors of 900786?
2, 3, 150131
What are the prime factors of 524567?
47, 11161
List the prime factors of 5079913.
5079913
What are the prime factors of 83007?
3, 23, 401
What are the prime factors of 215171?
11, 31, 631
What are the prime factors of 17668862?
2, 401, 22031
List the prime factors of 2103401.
181, 11621
List the prime factors of 1458927.
3, 47, 3449
List the prime factors of 18525594.
2, 3, 3087599
What are the prime factors of 4088797?
29, 277, 509
What are the prime factors of 140349?
3, 11, 4253
What are the prime factors of 12472951?
17, 43159
What are the prime factors of 6781756?
2, 1695439
What are the prime factors of 416822?
2, 7, 19, 1567
What are the prime factors of 223353?
3, 13, 23, 83
What are the prime factors of 1799688?
2, 3, 11, 17, 401
What are the prime factors of 1835186?
2, 917593
List the prime factors of 754288.
2, 47143
List the prime factors of 2871946.
2, 7, 11, 17, 1097
List the prime factors of 4147454.
2, 811, 2557
List the prime factors of 535177.
17, 31481
List the prime factors of 1609363.
7, 61, 3769
What are the prime factors of 1566320?
2, 5, 7, 2797
List the prime factors of 3697580.
2, 5, 184879
What are the prime factors of 749677?
749677
List the prime factors of 26470818.
2, 3, 11, 133691
List the prime factors of 11213883.
3, 167, 829
List the prime factors of 108652.
2, 23, 1181
What are the prime factors of 6275041?
53, 197, 601
What are the prime factors of 140588?
2, 7, 5021
What are the prime factors of 415706?
2, 347, 599
What are the prime factors of 8567744?
2, 59, 2269
List the prime factors of 6625971.
3, 11, 17, 31, 127
List the prime factors of 1288012.
2, 11, 73, 401
List the prime factors of 30998.
2, 11, 1409
What are the prime factors of 182239?
182239
List the prime factors of 3641669.
131, 27799
What are the prime factors of 1243286?
2, 11, 31, 1823
What are the prime factors of 7092431?
7092431
What are the prime factors of 512169?
3, 7, 29
What are the prime factors of 936506?
2, 468253
List the prime factors of 3267592.
2, 233, 1753
List the prime factors of 238051.
11, 17, 19, 67
List the prime factors of 6165614.
2, 7, 13, 19, 1783
List the prime factors of 381197.
19, 20063
List the prime factors of 1254681.
3, 139409
List the prime factors of 3490722.
2, 3, 127, 509
List the prime factors of 1298339.
7, 185477
List the prime factors of 296993.
47, 71, 89
List the prime factors of 4391175.
3, 5, 58549
List the prime factors of 12508728.
2, 3, 107, 4871
List the prime factors of 754637.
13, 58049
List the prime factors of 3848245.
5, 23, 109, 307
What are the prime factors of 596431?
11, 59, 919
What are the prime factors of 23708142?
2, 3, 1317119
What are the prime factors of 309961?
17, 18233
List the prime factors of 4125.
3, 5, 11
List the prime factors of 387875.
5, 29, 107
List the prime factors of 682153.
682153
List the prime factors of 421641.
3, 11, 4259
What are the prime factors of 677179?
19, 29, 1229
List the prime factors of 1344516.
2, 3, 19, 5897
List the prime factors of 65231.
37, 41, 43
What are the prime factors of 11217339?
3, 7, 59351
What are the prime factors of 2658385?
5, 19, 27983
What are the prime factors of 279807?
3, 11, 61, 139
What are the prime factors of 41698?
2, 20849
What are the prime factors of 127595?
5, 13, 151
What are the prime factors of 141767?
141767
What are the prime factors of 8984987?
11, 816817
List the prime factors of 3039121.
107, 28403
List the prime factors of 590740.
2, 5, 29537
List the prime factors of 79282.
2, 7, 809
List the prime factors of 33269159.
7, 11, 432067
What are the prime factors of 23313?
3, 19, 409
What are the prime factors of 12952747?
12952747
What are the prime factors of 165240?
2, 3, 5, 17
What are the prime factors of 14909133?
3, 227, 21893
List the prime factors of 77376.
2, 3, 13, 31
List the prime factors of 1100074.
2, 61, 71, 127
List the prime factors of 2313568.
2, 197, 367
List the prime factors of 157588.
2, 39397
What are the prime factors of 1893470?
2, 5, 189347
List the prime factors of 3601427.
3601427
List the prime factors of 2100237.
3, 700079
What are the prime factors of 2002229?
2002229
List the prime factors of 6201002.
2, 3100501
List the prime factors of 199453.
199453
What are the prime factors of 1835671?
29, 63299
List the prime factors of 15194676.
2, 3, 7, 53, 3413
List the prime factors of 16750609.
19, 881611
What are the prime factors of 383193?
3, 42577
What are the prime factors of 9426574?
2, 61, 77267
List the prime factors of 12726543.
3, 127, 33403
List the prime factors of 290202.
2, 3, 11, 4397
What are the prime factors of 16140619?
11, 1467329
List the prime factors of 3258800.
2, 5, 8147
List the prime factors of 543368.
2, 7, 31, 313
List the prime factors of 533992.
2, 66749
What are the prime factors of 723135?
3, 5, 7, 71, 97
What are the prime factors of 994282?
2, 497141
List the prime factors of 1802476.
2, 13, 17, 2039
List the prime factors of 1817622.
2, 3, 241, 419
What are the prime factors of 251481?
3, 17, 4931
List the prime factors of 8035553.
8035553
List the prime factors of 210958.
2, 11, 43, 223
List the prime factors of 7106814.
2, 3, 11, 13, 251
List the prime factors of 7553474.
2, 17, 222161
List the prime factors of 6092949.
3, 467, 4349
List the prime factors of 80374.
2, 7, 5741
List the prime factors of 15303.
3, 5101
List the prime factors of 187318.
2, 73, 1283
What are the prime factors of 6858247?
11, 623477
List the prime factors of 221991.
3, 7, 11, 31
What are the prime factors of 671811?
3, 7, 31991
What are the prime factors of 500972?
2, 125243
What are the prime factors of 1418827?
659, 2153
List the prime factors of 27897415.
5, 7, 13, 19, 461
List the prime factors of 991104.
2, 3, 29, 89
List the prime factors of 154637.
7, 22091
What are the prime factors of 21127783?
21127783
List the prime factors of 5676637.
271, 20947
What are the prime factors of 65865?
3, 5, 4391
What are the prime factors of 809982?
2, 3, 17, 2647
List the prime factors of 8174105.
5, 137, 11933
What are the prime factors of 6715559?
29, 231571
List the prime factors of 1378073.
1378073
What are t